012
-260 (base 7) to base 13
-aa
Convert 10201001 (base 3) to base 4.
222031
What is 132 (base 7) in base 12?
60
-592 (base 13) to base 15
-444
-5216 (base 7) to base 11
-1410
What is 304123 (base 5) in base 16?
26b9
-1230 (base 7) to base 2
-111001110
-341 (base 9) to base 12
-1b4
-9d2 (base 15) to base 12
-1352
Convert -5968 (base 15) to base 5.
-1101443
-33030203 (base 4) to base 11
-42845
Convert -172 (base 14) to base 13.
-19a
What is 43626 (base 8) in base 9?
27122
920 (base 14) to base 2
11100000000
What is 517 (base 16) in base 10?
1303
11123 (base 15) to base 11
37846
-4076 (base 10) to base 6
-30512
-344011 (base 5) to base 10
-12381
What is -8985 (base 12) in base 13?
-6c0b
What is e8 (base 16) in base 11?
1a1
Convert -14400 (base 5) to base 13.
-733
Convert -24213 (base 5) to base 10.
-1808
55c3 (base 14) to base 12
8733
1222 (base 6) to base 8
456
Convert -6720 (base 10) to base 15.
-1ed0
Convert 10405 (base 6) to base 16.
5a5
4ef (base 16) to base 5
20023
What is 2924 (base 13) in base 14?
2249
-54010 (base 9) to base 5
-2120410
4130 (base 7) to base 16
5a2
Convert -2a0 (base 12) to base 6.
-1520
Convert -2348 (base 11) to base 2.
-110000000101
-111000201 (base 3) to base 12
-55b4
What is 5b66 (base 13) in base 9?
18654
Convert -101000010010 (base 2) to base 7.
-10342
What is 15125 (base 6) in base 16?
97d
Convert a85 (base 11) to base 6.
10011
What is -3330 (base 4) in base 16?
-fc
Convert -11001221 (base 4) to base 8.
-50151
-82b (base 15) to base 9
-2465
11011110 (base 2) to base 11
192
What is -434 (base 15) in base 5?
-12244
-1676 (base 10) to base 5
-23201
What is -31243 (base 10) in base 3?
-1120212011
What is 11241 (base 7) in base 11?
2180
-111203 (base 4) to base 15
-61e
230121 (base 4) to base 12
1789
3305 (base 10) to base 5
101210
-223 (base 6) to base 16
-57
What is 519 (base 15) in base 13?
6a5
What is 10020021 (base 4) in base 2?
100001000001001
-7375 (base 9) to base 2
-1010100100110
What is 12b3 (base 13) in base 14?
d97
What is 551031 (base 6) in base 14?
1288b
918 (base 14) to base 9
2404
Convert -6063 (base 7) to base 14.
-aa3
-11a (base 12) to base 3
-20011
What is -103030 (base 4) in base 2?
-10011001100
Convert -468 (base 14) to base 5.
-12001
21021022 (base 3) to base 4
1102310
-522 (base 9) to base 15
-1d5
What is -303 (base 9) in base 8?
-366
2a (base 15) to base 10
40
-1031 (base 6) to base 8
-353
What is -250 (base 12) in base 13?
-20a
Convert -1cd6 (base 14) to base 11.
-3a74
10115 (base 7) to base 2
100110011110
-1101001011 (base 2) to base 10
-843
What is 7308 (base 12) in base 16?
30f8
What is 1140 (base 8) in base 9?
745
Convert 440 (base 13) to base 14.
3a0
Convert -33312 (base 4) to base 7.
-2646
1101250 (base 6) to base 9
83083
aa07 (base 15) to base 14
d19d
Convert 31 (base 4) to base 5.
23
Convert 33103 (base 4) to base 9.
1307
13313 (base 4) to base 2
111110111
What is -1450 (base 14) in base 6?
-24354
What is -113101 (base 4) in base 3?
-2001011
What is -131 (base 14) in base 8?
-357
15666 (base 12) to base 14
b098
Convert 146e9 (base 15) to base 5.
4100234
Convert -255 (base 12) to base 5.
-2403
-14864 (base 10) to base 8
-35020
What is -1077 (base 8) in base 3?
-210022
What is -111100010101 (base 2) in base 15?
-1226
Convert -4384 (base 10) to base 14.
-1852
What is -147b (base 14) in base 2?
-111000110101
What is 432 (base 5) in base 7?
225
1075 (base 8) to base 5
4243
Convert 1cc (base 14) to base 12.
274
-246 (base 10) to base 6
-1050
What is -5502 (base 11) in base 2?
-1110001011110
Convert -40023 (base 5) to base 14.
-cb7
-a36 (base 13) to base 10
-1735
14551 (base 6) to base 16
943
What is 100001011 (base 2) in base 9?
326
What is -589 (base 10) in base 8?
-1115
-656 (base 15) to base 7
-4113
What is 1010100110 (base 2) in base 10?
678
Convert -4232 (base 7) to base 12.
-a45
9cf (base 16) to base 10
2511
1989 (base 11) to base 6
15353
What is -4168 (base 16) in base 15?
-4e64
Convert -13d6 (base 14) to base 8.
-6700
a4 (base 11) to base 5
424
102004 (base 5) to base 10
3379
Convert 3001 (base 12) to base 10.
5185
Convert -295 (base 11) to base 3.
-110211
Convert 270 (base 9) to base 14.
121
What is -99c (base 16) in base 10?
-2460
Convert -3735 (base 13) to base 7.
-31536
What is 220513 (base 6) in base 7?
104310
What is -3411 (base 6) in base 3?
-1002121
Convert 787 (base 10) to base 6.
3351
What is -19 (base 14) in base 10?
-23
What is -212210 (base 3) in base 7?
-1605
Convert 141331 (base 5) to base 11.
4430
501 (base 10) to base 14
27b
What is -16065 (base 8) in base 7?
-30024
618 (base 12) to base 10
884
What is -6d80 (base 14) in base 4?
-10222310
Convert -100011110001 (base 2) to base 14.
-b97
130603 (base 7) to base 14
8c03
What is 1277 (base 15) in base 4?
331201
Convert -102000 (base 5) to base 6.
-23343
Convert -121020 (base 3) to base 9.
-536
Convert 2831 (base 9) to base 4.
201112
11021 (base 3) to base 5
430
What is -23501 (base 7) in base 14?
-2301
Convert 2304 (base 5) to base 13.
1c4
-6621 (base 13) to base 6
-145503
1012202 (base 3) to base 8
1564
-114540 (base 6) to base 3
-111220120
What is 2565 (base 7) in base 10?
978
Convert -4b88 (base 13) to base 15.
-32c4
-222312 (base 4) to base 3
-10202120
-122022 (base 3) to base 8
-723
What is bc (base 15) in base 6?
453
What is 21103 (base 4) in base 14?
307
Convert 686 (base 9) to base 11.
473
What is -1643 (base 7) in base 13?
-3c5
What is -1263 (base 16) in base 8?
-11143
4177 (base 16) to base 14
6171
Convert -314232 (base 6) to base 4.
-12033230
Convert 111010210 (base 3) to base 14.
36c3
220 (base 12) to base 4
10320
-1000 (base 5) to base 10
-125
What is -100110000010 (base 2) in base 14?
-c5c
-15 (base 7) to base 3
-110
-220123 (base 4) to base 13
-1240
220011 (base 3) to base 13
3b2
10c (base 16) to base 9
327
31944 (base 10) to base 2
111110011001000
Convert 98a5 (base 11) to base 4.
3030012
What is -121014 (base 5) in base 4?
-1012131
Convert 25364 (base 8) to base 2.
10101011110100
2315 (base 13) to base 4
1030313
Convert 111 (base 12) to base 16.
9d
Convert -2155 (base 9) to base 12.
-b05
What is -122021002 (base 3) in base 2?
-11000100101000
-451 (base 11) to base 8
-1034
-26333 (base 7) to base 6
-52315
What is -88c (base 13) in base 3?
-2000101
142437 (base 8) to base 14
14567
2121101 (base 3) to base 5
30100
Convert -bb45 (base 14) to base 15.
-9901
What is -123044 (base 5) in base 11?
-3650
Convert 2124 (base 7) to base 8.
1361
-2213 (base 11) to base 15
-ce8
179 (base 13) to base 4
10031
What is 6b5 (base 15) in base 7?
4301
-5304 (base 6) to base 11
-994
252 (base 13) to base 15
1c0
73 (base 9) to base 12
56
b50 (base 13) to base 8
3604
What is 8556 (base 9) in base 7?
24222
Convert -58738 (base 11) to base 9.
-138216
Convert 15534 (base 7) to base 4.
1010202
What is 2052 (base 6) in base 7?
1232
-4353 (base 9) to base 15
-e3c
Convert 1010010 (base 2) to base 16.
52
What is 151 (base 10) in base 5?
1101
What is -1b778 (base 12) in base 3?
-2002000202
What is 12222 (base 5) in base 12?
661
Convert -19455 (base 13) to base 2.
-1011111110111000
What is -2010021 (base 3) in base 10?
-1546
What is 3386 (base 10) in base 12?
1b62
What is -3633 (base 8) in base 14?
-9d1
-1221222021 (base 3) to base 6
-454441
Convert 32012 (base 9) to base 12.
102a8
-243432 (base 5) to base 10
-9242
-111 (base 8) to base 16
-49
Convert -358 (base 10) to base 15.
-18d
What is -35810 (base 9) in base 7?
-126633
Convert 3522 (base 11) to base 2.
1001000001110
Convert 1442 (base 8) to base 14.
414
What is -1110100110111 (base 2) in base 16?
-1d37
-7b1b (base 16) to base 9
-47206
What is -2120112 (base 3) in base 14?
-981
Convert 30330 (base 4) to base 12.
590
Convert -1012 (base 6) to base 7.
-440
Convert 11010111001 (base 2) to base 6.
11545
What is 1142110 (base 5) in base 3?
1002112102
-92 (base 14) to base 9
-152
-3240 (base 6) to base 14
-3b2
What is -423 (base 12) in base 10?
-603
100000011101 (base 2) to base 13
c3a
-2231 (base 13) to base 4
-1022210
Convert -10130 (base 6) to base 13.
-7cb
Convert 470 (base 15) to base 16.
3ed
12523 (base 12) to base 6
311243
What is -7763 (base 10) in base 8?
-17123
Convert 44918 (base 10) to base 11.
30825
Convert -152005 (base 6) to base 12.
-8605
298 (base 14) to base 2
100000